What is the hundreds digit of 2123632?
6
What is the units digit of 1782047?
7
What is the ten thousands digit of 767168?
6
What is the units digit of 8933691?
1
What is the hundreds digit of 294184?
1
What is the thousands digit of 5321996?
1
What is the millions digit of 2216265?
2
What is the hundreds digit of 22876924?
9
What is the hundreds digit of 301452?
4
What is the hundreds digit of 8988319?
3
What is the units digit of 1376221?
1
What is the units digit of 29799752?
2
What is the thousands digit of 245436?
5
What is the tens digit of 92024?
2
What is the thousands digit of 11996498?
6
What is the ten thousands digit of 1724582?
2
What is the tens digit of 947826?
2
What is the thousands digit of 92526?
2
What is the tens digit of 3090768?
6
What is the hundreds digit of 6506?
5
What is the hundreds digit of 184567?
5
What is the millions digit of 1702658?
1
What is the ten millions digit of 18701887?
1
What is the ten thousands digit of 1205146?
0
What is the units digit of 435093?
3
What is the millions digit of 29687295?
9
What is the units digit of 103270?
0
What is the hundred thousands digit of 1911134?
9
What is the ten thousands digit of 3257763?
5
What is the millions digit of 1346837?
1
What is the hundred thousands digit of 976828?
9
What is the thousands digit of 514618?
4
What is the hundreds digit of 283340?
3
What is the tens digit of 8587869?
6
What is the tens digit of 13560?
6
What is the hundreds digit of 220079?
0
What is the ten thousands digit of 81720?
8
What is the ten thousands digit of 6058603?
5
What is the units digit of 404515?
5
What is the units digit of 5134714?
4
What is the units digit of 160840?
0
What is the tens digit of 177727?
2
What is the millions digit of 8417157?
8
What is the units digit of 1029697?
7
What is the units digit of 36360145?
5
What is the ten thousands digit of 3633323?
3
What is the ten thousands digit of 204206?
0
What is the hundreds digit of 256885?
8
What is the thousands digit of 5636555?
6
What is the tens digit of 1345327?
2
What is the units digit of 425314?
4
What is the hundreds digit of 10744401?
4
What is the units digit of 544672?
2
What is the millions digit of 1804648?
1
What is the hundreds digit of 3545206?
2
What is the thousands digit of 3376077?
6
What is the thousands digit of 612898?
2
What is the units digit of 1258406?
6
What is the hundreds digit of 1161600?
6
What is the hundreds digit of 34932261?
2
What is the thousands digit of 1407957?
7
What is the tens digit of 3155914?
1
What is the thousands digit of 287008?
7
What is the millions digit of 1010685?
1
What is the ten thousands digit of 6028277?
2
What is the thousands digit of 8595861?
5
What is the units digit of 2927548?
8
What is the hundred thousands digit of 1065821?
0
What is the units digit of 400482?
2
What is the hundreds digit of 19155?
1
What is the hundred thousands digit of 1869511?
8
What is the units digit of 256610?
0
What is the millions digit of 1154242?
1
What is the hundred thousands digit of 44670739?
6
What is the hundreds digit of 877424?
4
What is the hundred thousands digit of 932653?
9
What is the hundreds digit of 726437?
4
What is the units digit of 675495?
5
What is the hundred thousands digit of 10755136?
7
What is the hundred thousands digit of 1912272?
9
What is the thousands digit of 9010110?
0
What is the tens digit of 53293?
9
What is the hundreds digit of 4751617?
6
What is the hundred thousands digit of 576730?
5
What is the units digit of 30265013?
3
What is the ten thousands digit of 143197?
4
What is the thousands digit of 1611078?
1
What is the units digit of 110472?
2
What is the tens digit of 90441?
4
What is the ten thousands digit of 8195228?
9
What is the thousands digit of 1094969?
4
What is the thousands digit of 1559084?
9
What is the hundreds digit of 1378984?
9
What is the thousands digit of 149466?
9
What is the hundred thousands digit of 1108570?
1
What is the ten thousands digit of 1388875?
8
What is the tens digit of 4543572?
7
What is the units digit of 2197056?
6
What is the units digit of 1323855?
5
What is the hundreds digit of 823169?
1
What is the thousands digit of 275942?
5
What is the thousands digit of 32090?
2
What is the hundreds digit of 18821753?
7
What is the units digit of 124778?
8
What is the hundred thousands digit of 933865?
9
What is the tens digit of 22151992?
9
What is the millions digit of 9932473?
9
What is the millions digit of 1766287?
1
What is the ten thousands digit of 1822333?
2
What is the millions digit of 6051830?
6
What is the millions digit of 5190301?
5
What is the tens digit of 6684645?
4
What is the units digit of 7636577?
7
What is the hundred thousands digit of 418172?
4
What is the ten thousands digit of 14844009?
4
What is the hundred thousands digit of 188167?
1
What is the units digit of 372111?
1
What is the hundreds digit of 498618?
6
What is the thousands digit of 24413536?
3
What is the ten thousands digit of 585683?
8
What is the thousands digit of 1097400?
7
What is the thousands digit of 626464?
6
What is the hundreds digit of 2307829?
8
What is the tens digit of 1938292?
9
What is the hundreds digit of 300814?
8
What is the ten thousands digit of 922684?
2
What is the units digit of 308154?
4
What is the millions digit of 4072152?
4
What is the units digit of 10207207?
7
What is the millions digit of 4014638?
4
What is the ten thousands digit of 4349711?
4
What is the units digit of 267378?
8
What is the thousands digit of 2020986?
0
What is the hundred thousands digit of 8491715?
4
What is the thousands digit of 295789?
5
What is the ten thousands digit of 256410?
5
What is the thousands digit of 6938785?
8
What is the hundred thousands digit of 6281209?
2
What is the hundreds digit of 71246?
2
What is the hundreds digit of 31492795?
7
What is the thousands digit of 15193297?
3
What is the units digit of 381132?
2
What is the millions digit of 6605816?
6
What is the ten millions digit of 14407823?
1
What is the hundreds digit of 3372675?
6
What is the tens digit of 7431508?
0
What is the units digit of 7651333?
3
What is the units digit of 3444370?
0
What is the ten thousands digit of 299257?
9
What is the thousands digit of 4533162?
3
What is the hundreds digit of 442477?
4
What is the ten thousands digit of 2075006?
7
What is the thousands digit of 7002355?
2
What is the hundred thousands digit of 1410883?
4
What is the tens digit of 3203308?
0
What is the ten thousands digit of 788037?
8
What is the thousands digit of 866842?
6
What is the hundreds digit of 82126?
1
What is the hundreds digit of 4553196?
1
What is the thousands digit of 167482?
7
What is the tens digit of 4397312?
1
What is the thousands digit of 5440222?
0
What is the hundred thousands digit of 899470?
8
What is the thousands digit of 392784?
2
What is the tens digit of 12792713?
1
What is the units digit of 3922094?
4
What is the units digit of 2501548?
8
What is the tens digit of 18853584?
8
What is the units digit of 7335270?
0
What is the units digit of 150824?
4
What is the thousands digit of 9685?
9
What is the units digit of 1296894?
4
What is the millions digit of 2316025?
2
What is the ten thousands digit of 609336?
0
What is the units digit of 4989934?
4
What is the hundred thousands digit of 7258306?
2
What is the hundreds digit of 78603?
6
What is the hundreds digit of 175908?
9
What is the ten thousands digit of 170543?
7
What is the thousands digit of 291870?
1
What is the tens digit of 9183?
8
What is the thousands digit of 2146880?
6
What is the units digit of 72054?
4
What is the ten thousands digit of 30561?
3
What is the hundred thousands digit of 535486?
5
What is the hundreds digit of 3514?
5
What is the thousands digit of 3405494?
5
What is the thousands digit of 133936?
3
What is the ten thousands digit of 34962?
3
What is the thousands digit of 32638424?
8
What is the thousands digit of 1149816?
9
What is the tens digit of 5505963?
6
What is the hundred thousands digit of 5258726?
2
What is the ten millions digit of 22435575?
2
What is the ten thousands digit of 4530768?
3
What is the thousands digit of 501478?
1
What is the hundred thousands digit of 9583874?
5
What is the units digit o